/(-6)). Calculate the greatest common factor of g and 17.
1
Let z be 20/35*(-126)/(-4). Let b = 932 - 410. What is the greatest common factor of b and z?
18
Let s = -3236 + 3242. What is the highest common factor of 582 and s?
6
Suppose 22*c = 33*c - 77. Let p be ((-3)/(-1))/(12/(-8)). Let d be ((-30)/(-20))/((-3)/p). What is the greatest common divisor of d and c?
1
Suppose 0 = -48*w + 9313 + 39883 + 11284. What is the greatest common factor of w and 812?
28
Suppose 4*s - 20*s = -1376. Let y = 106 - s. Let v = 51 - 21. What is the highest common factor of y and v?
10
Let v(h) be the second derivative of h**3 + 21*h**2/2 + 19*h. Let x be v(-4). Let f be ((-6)/x + -4)/(-4 - -3). What is the highest common divisor of 3 and f?
1
Let j(i) = 19*i**2 - 442*i + 6707. Let o be j(15). What is the highest common factor of o and 51?
17
Let z be ((-1122)/(-12) - -4)*2. Let s = z + -168. What is the greatest common divisor of 432 and s?
27
Let q(i) = -285*i - 1920. Let g be q(-8). Calculate the greatest common factor of g and 351.
9
Suppose 116*t - 121*t - 920 = 0. Let p = -175 - t. What is the highest common factor of p and 72?
9
Suppose 0 = 15*r - r + 10780. Let b be (-3 - 4/(-2))/(35/r). Suppose 10*f + b = 12*f. Calculate the greatest common factor of f and 143.
11
Let g = -34 + 29. Let u = 7 - g. Let q be ((-2)/3)/(4/(-792)). Calculate the greatest common factor of q and u.
12
Let l = 95 + 65. Suppose -4*f + l = 6*f. Let y be 108/f*(0 - -4). What is the greatest common divisor of y and 216?
27
Let t be (-16)/(-6) - 4/6. Let g be 120/220 + 472/22 + -16 + 5. Calculate the greatest common factor of g and t.
1
Let u be 1564/85 - (-6)/10. Let i(d) = 2*d**2 - 16*d + 58. Let m be i(u). Calculate the highest common divisor of m and 28.
28
Let r be (-27)/513 + (-18252)/(-228). What is the highest common factor of r and 1264?
16
Suppose -3*t + 2*f = -37166, -195*t + 190*t - 2*f + 61970 = 0. Calculate the greatest common divisor of 8 and t.
8
Suppose -11 + 4 = -7*d. Suppose -15*a = -14*a + d. Let k be (a/(-1))/(3 - (-224)/(-76)). What is the greatest common divisor of 76 and k?
19
Let c(o) = 37*o**2 - 94*o + 309. Let n be c(3). What is the greatest common factor of n and 200?
40
Let v(r) = 6 + 2 - 41*r + 42*r + 3. Let o be v(13). Let t be (-15)/(-3 + -2) - (-2 + -211). Calculate the greatest common divisor of o and t.
24
Suppose -58 - 278 = -8*f. Let h be 12/2*((-77)/(-14) + 5). Calculate the greatest common factor of f and h.
21
Let j(o) = -o**3 - 125*o**2 - 514*o - 12. Let a be j(-4). Calculate the greatest common divisor of a and 18756.
36
Suppose -3*h + 15 = 4*r, -4*h - 6 = -26. Suppose 59*d + 170 - 642 = 0. Suppose r = t - 10 - d. What is the greatest common divisor of 72 and t?
18
Let v = -2 - 5. Let d(c) be the third derivative of c**4/24 + 13*c**3/6 + 72*c**2 + 9*c. Let w be d(v). Calculate the highest common divisor of 66 and w.
6
Suppose 3*j - 3 = 3, -j = -4*t + 1822. Calculate the greatest common divisor of t and 64.
8
Let z = -34899 - -35827. Calculate the highest common divisor of 544 and z.
32
Let d be (-36)/(-54) - 4/(-3). Suppose -d*m - 49 = -4*m + q, 3*q = 3*m - 81. Let u be (1/3)/(1/6). What is the highest common factor of u and m?
2
Let w = 246 - 171. Let c = 94 - 30. Suppose 4*d - 62 = -0*d - a, c = 4*d + 2*a. What is the highest common divisor of w and d?
15
Let c(z) = 2 - 5*z + 1 - 9 + 2. Let u be c(-2). Let r be 271/u + 7/(-42). Calculate the greatest common factor of 18 and r.
9
Suppose 3*z - 8*z + 2*z + 3441 = 0. Calculate the greatest common factor of 296 and z.
37
Let s = -16200 + 16360. Calculate the highest common factor of s and 335.
5
Let o be (6 - -1) + 807 + (6 - 16). Calculate the highest common factor of o and 540.
12
Let x(p) = -24*p - 67. Let t(f) = 36*f + 100. Let d(u) = 5*t(u) + 8*x(u). Let b be d(-4). Calculate the highest common divisor of 12 and b.
12
Let s be 6*-1*(-350)/(-6). Let p = s - -181. Let l = p + 385. What is the highest common factor of 27 and l?
27
Let o(l) = -15*l + 753. Let b be o(49). Let x be (-2)/10 + 751/5. Suppose x = f - 12. Calculate the greatest common factor of f and b.
18
Let m(d) = d + 1 + 3 + 12. Let l be m(-16). Suppose 0 = 3*g - k - 1 - 40, l = -5*k + 20. What is the greatest common divisor of g and 45?
15
Suppose -299*j = -315*j + 22508 + 20836. Calculate the highest common divisor of 63 and j.
63
Suppose 33*a + 226 = 4*x + 35*a, -152 = -3*x + 2*a. Let i(f) = -4*f + 30. Let t be i(7). What is the greatest common factor of x and t?
2
Suppose 16 = 32*r - 112. Let y be 14/3*1*18. Suppose 3*q = -0*q + y. Calculate the highest common factor of q and r.
4
Let f = 31 - 0. Suppose 3*s = 2*s + f. Let w(q) = -83*q + 9. Let a be w(-4). What is the greatest common factor of a and s?
31
Let t(r) = -46*r + 722. Let z be t(11). Calculate the greatest common factor of z and 114.
6
Suppose 0 = -5*v - 15, 1638 = 5*i + 2*v - 2371. Calculate the greatest common factor of i and 511.
73
Let n = 2887 - 2874. Let m be 13/4 + 10/(-40). Suppose -m*l + 3 + 75 = 0. What is the highest common factor of l and n?
13
Let k(l) = -5*l - 234. Let b be k(-49). Let w(s) = 2*s + 3. Let q be w(4). Calculate the greatest common divisor of q and b.
11
Suppose 43277 = 30*i + 14657. Calculate the highest common divisor of i and 144.
18
Let m be (-4 + -1)/(-1 - 0). Suppose 3*s - 193 = m. What is the greatest common divisor of s and 165?
33
Let j be (-3784)/(-24) + 0 + (-1)/(-3). Suppose 159*b - j*b - 78 = 0. Calculate the greatest common divisor of b and 12.
6
Let y(q) = -4*q - 49. Let c be y(-14). Let f be ((-514)/14 - 2/c)*-1. What is the greatest common divisor of 259 and f?
37
Let n = 765 - 625. What is the greatest common divisor of n and 427?
7
Let l(m) = 2*m**2 + m - 140. Suppose -25 = 5*o, 4*g = o - 1 - 50. Let x be l(g). Calculate the highest common divisor of x and 34.
34
Suppose 4*m + 3 = -1, 2 = -3*i + 4*m. Let v be i/(-3)*189/42. What is the greatest common divisor of 153 and v?
3
Let i be (-48)/180*(-7 + (-1810)/20). Let g be (-54)/(-4)*(0 - -26). What is the greatest common factor of g and i?
13
Suppose 3*o - 2 = 4. Suppose 2*h - 2*j = 10, -o*h - j - 1 = -h. Let m be (-10)/40 - ((-5)/4 - h). Calculate the greatest common divisor of m and 9.
3
Suppose -21*q = -19*q - 40. Suppose q*l - 13010 = 1630. Calculate the greatest common divisor of l and 12.
12
Suppose 43*p + 184 = 45*p. Calculate the greatest common factor of 1334 and p.
46
Let k be ((-104)/(-6))/((-7 + (-715)/(-99))/5). Calculate the greatest common divisor of 330 and k.
30
Let u be 4*260/(-12)*387/(-215). Let w(j) = j - 2. Let y be w(14). What is the greatest common divisor of u and y?
12
Suppose 0 = -5*k + 8*k - 1965. Let j = k + -415. What is the greatest common factor of 15 and j?
15
Let c(n) be the second derivative of -n**4/12 - n**3/6 + 16*n**2 + n. Let f be c(9). Let g = f - -72. Calculate the highest common factor of g and 35.
7
Suppose -3*z = -4*f - 1061, 3*f + 1892 - 482 = 4*z. What is the greatest common factor of 819 and z?
117
Let t(x) = -4*x + 10. Let l = -17 + 12. Let h be t(l). Suppose 0 = 2*p, 0 = -o - 3*o - p + 24. What is the highest common factor of o and h?
6
Suppose 780 = 381*q - 368*q. Suppose -3*r + 138 = a - 44, 4*a = r - 52. What is the greatest common divisor of q and r?
60
Let s = -1977 - -1985. Let k(c) = c**3 - 4*c**2 - 7*c + 4. Let n be k(7). Let w = -30 + n. Calculate the greatest common factor of s and w.
8
Let a = 4992 + -4918. What is the highest common factor of 8880 and a?
74
Suppose 0 = 17*h + 2071 + 3233. Let k = 531 + h. What is the greatest common factor of k and 146?
73
Suppose 26 = 2*a + c, -2*a - 4*c + 23 = -9. Let w = -1209 + 1245. Suppose -a + w = 2*s. Calculate the highest common factor of 4 and s.
4
Let o be 5/(-15)*(8 + -1217). Let q(s) = 4*s + 14. Let m be q(12). Calculate the highest common divisor of o and m.
31
Let d(x) = -12*x**3 + x**2 - x + 15. Suppose 56 = -3*v + 47. Let j be d(v). What is the greatest common divisor of j and 9?
9
Suppose u + 1480 = 5*a - 4*u, -2*a + 3*u = -592. Suppose -3*b - 2*f + a = -b, 3*f + 438 = 3*b. What is the highest common divisor of b and 21?
21
Let n(d) = d**3 - 2*d**2 - 2*d - 2. Let x be (-1)/3 - (-78)/18. Let r be n(x). Suppose -2*f = -0*f - 4. What is the greatest comm